Suppose -3*k - b + 179 = 0, -242 = -a*k + 3*k + 2*b. What is the tens digit of k?
6
Let z = -11 - -11. Let y be (z + -1)*(1 - 35). Let l = y - 9. What is the tens digit of l?
2
Suppose 5*l - l = 40. Let v = 39 - l. What is the tens digit of v?
2
Let y(c) = 3*c**3 - 24*c**2 - 7*c - 44. What is the units digit of y(11)?
8
Let q = -459 - -560. What is the tens digit of q?
0
Let m(t) = -26*t + 1. Suppose 0 = 3*n - 2*k + 3, -4*n - 6*k + 3*k - 4 = 0. Let w be m(n). Let o = w + -17. What is the units digit of o?
0
Suppose -3*m + 3*g + 3525 = 0, -5*m - 13*g + 5875 = -11*g. What is the tens digit of m?
7
Let n(a) = -9*a - 5. Let y(x) = x**2 + 8*x - 6. Let p be y(-5). Let b be 12/(-21) - (-114)/p. What is the tens digit of n(b)?
4
Let g(m) = 41*m - 35. Let w(a) = -8*a + 7. Let f = 5 - 3. Let u(h) = f*g(h) + 11*w(h). What is the units digit of u(-5)?
7
Let k(t) be the second derivative of -2*t**2 + 0 - 2/3*t**3 - 5*t + 1/12*t**4. What is the units digit of k(-3)?
7
Let a(u) = 276*u + 4. Let z be a(6). Let s be (-2)/7 + z/28. Suppose 2*b + 3 = s. What is the tens digit of b?
2
Let n(d) = d**3 + 5*d**2 - d + 5. Let c be n(-5). Let b be c/10*2*1. Suppose j + 0 - b = 0. What is the units digit of j?
2
Let u(o) = 5*o. Let r be u(1). Suppose 2*c - 4*c - r = -y, 4*c = 0. What is the tens digit of y/(-2)*282/(-15)?
4
Let p(r) be the first derivative of 45*r**2/2 + 4*r - 5. Let o be p(6). Suppose -5*i - 4*q + 353 = 0, -4*i = -q - 0*q - o. What is the tens digit of i?
6
What is the tens digit of (52/(-20) + 1)*-295?
7
Let g(a) = -2*a**2 + 2*a**2 + 3*a - 1 - 3*a**2 + 101*a**3. What is the tens digit of g(1)?
0
Let v(y) = y**2 - y + 24. Let c be v(0). Suppose -9 = -5*j + n, 4*j - 2*n - 13 = -7*n. Suppose 2*p - c = p - j*a, p - 9 = a. What is the tens digit of p?
1
Suppose 17*a - 5942 = 20272. What is the tens digit of a?
4
Let y(u) = 32*u**2 + 29*u + 50. What is the tens digit of y(7)?
2
Suppose 0 = -2*x + 51 + 9. What is the units digit of (-22)/12*x/(-5)?
1
Let q be ((-2)/5)/((-2)/30). Suppose 36*s - 6*s - 30 = 0. Let f = s + q. What is the units digit of f?
7
Suppose 0 = u - 72 + 214. Let c = 228 + u. What is the tens digit of c?
8
Suppose 0 = 4*x - 5*x - 32. Let p = x + 34. Suppose -2*z + p*k = -12, 5*z - 15 = 4*k + 16. What is the units digit of z?
7
Let j = 37 + -37. Suppose 3*o + m - 10 - 135 = 0, 2*o + 2*m - 90 = j. Suppose o = -15*c + 17*c. What is the units digit of c?
5
Let h be 1 + 0 + -4 + -2 + 5. Suppose h = -5*s + 75 + 225. What is the units digit of s?
0
Suppose -45502 = -31*j + 43530. What is the thousands digit of j?
2
Suppose 4*a - a = d + 1, 5*d = -2*a + 29. Let f be (55/22)/((-1)/a). What is the units digit of (13/f)/(3/(-15))?
3
Suppose -o + 5*o = 528. Let k = o + -75. Suppose 4*s - k = 151. What is the tens digit of s?
5
Let v be -2 + (55/5 - 4). Suppose -136 = 3*q + v*k, -2*q + 0*q - 74 = -5*k. Let l = 27 - q. What is the units digit of l?
9
Let q(d) = 4*d + 36. Let j be q(-9). Suppose -356 = -2*c + 3*s, -c + j*c + s + 178 = 0. What is the units digit of c?
8
Suppose 11*t = t + 80. Let d(g) = -2*g**3 + 20*g**2 - 11*g + 2. What is the units digit of d(t)?
0
Let u = 206 + -294. Let z = -48 - u. Let y = z - 5. What is the tens digit of y?
3
Let w = 194 - 138. Let p be (3 - -3)/((-1)/(-5)). Let v = w - p. What is the units digit of v?
6
What is the thousands digit of (-120)/(-210) - 20670/(-14)?
1
Let k = 38 - 36. Let o = k + 67. What is the units digit of o?
9
Suppose 17029 = 4*h - 859. What is the hundreds digit of h?
4
Suppose -6*l - 544 = 11*l. What is the units digit of (-3480)/l - (-2)/8?
9
Let v(j) = -j**2 + 3*j. Let r(c) = 3*c**2 - 10*c. Let g(z) = -2*r(z) - 7*v(z). Let f be g(2). What is the tens digit of 49 + -2 + f/2?
4
Let u(b) be the first derivative of b**2/2 - 7*b + 5. Let c be u(10). Suppose -3*t - c*d + 12 = 0, -t + 0*t - 2 = 4*d. What is the units digit of t?
6
Let p(i) = -12*i - 48. Let a be p(-8). Suppose -u - 15 = -2*u. Let g = a - u. What is the units digit of g?
3
Suppose -2 = j - 1, -4*h - 5*j - 41 = 0. What is the units digit of 10543/52 + (1 - h/(-12))?
3
Let c(u) = -6*u - 6. Let q(m) = m + 1. Let x(k) = -c(k) - 5*q(k). Let s = -3 + 3. What is the units digit of x(s)?
1
Let x be -3*(-4)/(-6) + 22. Let b = x - 17. Suppose b*g + 2*c = -0*g + 13, -3*c = 4*g - 17. What is the units digit of g?
5
Let z(p) = 29*p + 5. Suppose -30*o + 27*o + 9 = 0. What is the tens digit of z(o)?
9
Suppose 0*m = 3*m - 5*y - 40, -4*m + 5*y = -45. Suppose -m = 3*i - 4*i. Suppose -48 = -b + 4*d, -i*b + d = 134 - 431. What is the tens digit of b?
6
Suppose 3*g - 13*y + 18*y = 6527, 4378 = 2*g - 2*y. What is the hundreds digit of g?
1
Let c = 21 + -25. What is the tens digit of (-1)/c - (-2849)/44?
6
Let n = -90 + 62. Let u = 40 - n. Suppose 4*z + u = 244. What is the tens digit of z?
4
Suppose 27*y - 4770 = 12*y. What is the tens digit of y?
1
Suppose -c = -3*r - 10, 3*c - 5*r - 12 = 6*c. Suppose y + 2 = -c. What is the tens digit of (-69)/(-3) + 3 - y?
2
Let j = -91 - -776. Suppose -5*z = -2*l + 365, -3*l + j = l + 5*z. What is the hundreds digit of l?
1
Suppose -8*d - 2044 = -12532. What is the thousands digit of d?
1
Let x(n) = 33*n**2 + 6. Let m be x(3). Let o = m - 129. What is the hundreds digit of o?
1
Let g(n) = -1905*n + 120. What is the thousands digit of g(-3)?
5
Suppose -2 + 12 = 5*t. Suppose -c + 32 = -3*w - 35, -2*c = t*w - 118. What is the tens digit of c?
6
Suppose 5*k - 24 = -3*k. Suppose 0 = p - k*p + 262. What is the tens digit of p?
3
Suppose 0 = 3*o - 2*k - 321, 0 = 2*o + 2*k + 6 - 230. What is the hundreds digit of o?
1
Suppose f = -0*f + 2. Suppose f*z - 611 = -4*n + 85, 4*n = -3*z + 696. Suppose w - 4*w + n = 0. What is the tens digit of w?
5
Let t = -41 + 1812. What is the tens digit of t?
7
Let a = 383 + -238. Suppose -8*o = -3*o - a. What is the units digit of o?
9
Let i be 11 + -10 - (1 - -8). Let o = i - -4. What is the units digit of (7 - 59)*1/o?
3
Let b be 21*(1 - 5/6)*-4. Let p(t) = -t**3 - t + 3. Let r be p(-3). Let w = r + b. What is the units digit of w?
9
Suppose 5*s - 2*r = 21, 5*s + r - 9 = 3. Suppose 0 = x + 5*z - 8 - 85, s*z = 2*x - 199. What is the units digit of x?
8
Let a = 479 - 195. What is the tens digit of a?
8
Suppose 79 = 5*d - 3*r, 2*d - 15 - 7 = -2*r. Suppose 46 = 2*c - d. Suppose 0 = 3*y - 6*y + c. What is the tens digit of y?
1
Suppose 2*d = 5 + 5. Suppose 2*p - 372 = -0*q - 5*q, -d*p - 5*q = -945. What is the hundreds digit of p?
1
What is the tens digit of 92/(-782) + 26998/17?
8
Let j = -25 + 1015. What is the hundreds digit of j?
9
Let b = 40 + 29. Let s = -9 + b. Suppose t - s = -t. What is the units digit of t?
0
Suppose -4*a - 3*o = -8, -63 + 22 = -5*a + 4*o. Suppose 2*q + a = -u - 8, -5*u - q - 101 = 0. Let j = u - -37. What is the units digit of j?
6
Suppose 36*x + 10 = 38*x. Suppose -i - 58 = -3*w - 6*i, -x*w + 3*i = -40. What is the units digit of w?
1
Suppose -315 - 61 = -3*b + 5*v, 3*b - 371 = 4*v. What is the hundreds digit of b?
1
Let w be ((-30)/(-35))/((-6)/(-28)). Let p be (w/(-3))/(7/21). Let r = 13 - p. What is the tens digit of r?
1
Let q(w) = -8*w - 10*w + 7 + 14*w - 7*w. What is the tens digit of q(-5)?
6
Let z = -10 + 8. Let i be (-1)/z*-2 - 55. Let l = i - -78. What is the tens digit of l?
2
Suppose q = -0*q + 1. Let p = 6 - q. Suppose p*u - 66 = 3*u. What is the units digit of u?
3
Let c(i) be the second derivative of 3*i**3/2 - 14*i. What is the units digit of c(7)?
3
Suppose 2176 = -425*z + 429*z. What is the tens digit of z?
4
Let s = 146 + -68. What is the units digit of s?
8
Let h = -287 + 444. What is the units digit of h?
7
Let b = 16 - 16. What is the units digit of (b - -5) + (14 - 14)?
5
Let r(t) = 6*t - 1. Let l be r(1). Let i be l*((-72)/(-20) - 3). Suppose i*m = 11 + 103. What is the tens digit of m?
3
Let l = -177 + 346. What is the hundreds digit of l?
1
Let i(k) = -k**2 - 2*k + 18. Let b be i(-5). What is the tens digit of ((-3)/b)/(-3)*12 - -22?
2
Let x(p) be the second derivative of -1/6*p**4 + 0 + 5*p - 1/2*p**3 - 1/5*p**5 - p**2. What is the units digit of x(-2)?
8
Suppose -g + 450 = 2*j, -4*j - 5*g + 888 = -0*j. What is the tens digit of j?
2
Let t = -1375 + 2728. What is the tens digit of t?
5
Let u = 3004 + -1705. What is the hundreds digit o